 + c**3 - 12*c + 6*c**u - 1 + 7*c. Give s(-4).
3
Let b(o) = o**2 + 3*o - 3. Let m = 1 + 10. Suppose -8*h - m = 29. Determine b(h).
7
Let m(n) = n**2 - 1. Let k be (-132)/44 - (-18)/2. Suppose u = 4*u - k. Give m(u).
3
Let p(b) = -b**3 - 12*b**2 + 2*b**3 + 5*b**2 + 12 + 11*b**2 + 9*b. Calculate p(-3).
-6
Suppose -20 = 4*s, v = -4*v - 5*s - 15. Let g(u) = 3*u + 9 - 2*u - 3*u + v. Let r be (((-102)/765)/(28/(-105)))/(2/32). Give g(r).
-5
Let g(v) = 24*v - 109 - 3*v**2 + 284 - 95 - 95 + 19*v. What is g(14)?
-1
Suppose -23*b + 33*b = -110. Let f(t) = -t**2 - 17*t - 38. What is f(b)?
28
Let n(c) = 13*c**2 - 2*c - 53. Let d(g) = -4*g**2 + 19. Let i(z) = -7*d(z) - 2*n(z). Determine i(-6).
21
Let i(r) be the third derivative of 5*r**4/24 + 29*r**3/6 + 166*r**2. Calculate i(-8).
-11
Let h = 720 - 722. Let m(u) = 3*u**2 + 12*u - 13. Let c(s) = -11*s**2 - 37*s + 40. Let y(f) = h*c(f) - 7*m(f). Give y(9).
2
Let m be (51/85)/((-2)/(-10)). Let n be ((m - 2)/(-2))/(3/18). Let u be (2*21/12)/(n/6). Let b(p) = p**2 + 8*p - 1. Calculate b(u).
-8
Let z(v) = -v - 29. Suppose -u + 57 = -5*a, -45 = 3*a - u - 14. What is z(a)?
-16
Let j = 949 - 945. Let r(c) = 2*c**3 - 7*c**2 - c - 1. Let k = 1 - -2. Let b(d) = -3*d**3 + 7*d**2 + 2. Let u(y) = j*r(y) + k*b(y). Give u(-6).
-10
Suppose -75*z - 39 = -65*z + 21. Let d(u) be the first derivative of -u**4/4 - 2*u**3 - u**2 - u + 5. Determine d(z).
11
Let t(h) = h - 9. Let s(z) = -3*z + 26. Let r(u) = 4*s(u) + 14*t(u). What is r(11)?
0
Let w(y) be the first derivative of y + 38 - 1/3*y**3 + 3/2*y**2. Calculate w(3).
1
Suppose -4*v - 2*p = -4, -p = -v + 3 + 1. Let u(m) = 159 - 152 - 4*m - m**v - m. Give u(-7).
-7
Let u be (351/52)/(6/(-352)). Let h be 4*(-4)/6*u/176. Let o(f) = f**3 - 5*f**2 + f + 5. Let v(r) = -r**2 - r + 1. Let n(y) = -o(y) - v(y). Calculate n(h).
-6
Let x(a) = -a**3 - 5*a**2 - 3*a + 11. Let s = 295 - 299. Calculate x(s).
7
Suppose -25 = h + 2*y - 36, 4*h - 4*y = 20. Suppose 20 = -5*j, 4*f - 44 = -8*j + h*j. Let w(i) = i**2 - 11*i - 15. What is w(f)?
-3
Suppose -6*g + 27 - 15 = 0. Let j(w) = 1 + 4*w - 8*w**g - 12*w**2 + w**3 - 5*w + 21*w**2. Determine j(-2).
-1
Let u(b) = -b**2 - 43*b - 214. Let d be u(-37). Let j(m) = m**3 - 7*m**2 + 9*m - 133. Let v be j(d). Let o(s) = -s**3 + 12*s - 5. Determine o(v).
4
Let o(x) = x - 2. Let j(l) = -13*l + 13*l - 7*l + 13. Let u(m) = j(m) + 5*o(m). Determine u(2).
-1
Let d be (-4)/14 + 52/(-14). Let s(r) = -3 + 2*r + 4 - 4 + 2 + r**2. Determine s(d).
7
Let n(v) be the first derivative of v**2/2 + 6*v + 1. Let t(m) = 383*m**2 - 1534*m - 1. Let z be t(4). Determine n(z).
-3
Let n(u) = -22*u + 7. Let r(z) = -34*z + 2. Let v(i) = -8*n(i) + 5*r(i). Give v(7).
-4
Let p(y) be the second derivative of -y**5/20 - 11*y**4/12 + y**2/2 + 3*y. Let i be p(-11). Let t(c) = 3 + 8*c - c**2 + i - 4. Calculate t(8).
0
Let s be (-105)/7*((-1071)/135)/17. Let p(t) = -t**3 + 8*t**2 - 9*t + 7. What is p(s)?
-7
Let j = 337 - 323. Let b(i) = 3*i**2 - 241*i + 240*i + j*i**2. What is b(-1)?
18
Let i(l) be the second derivative of -l**5/20 + 7*l**4/6 - 7*l**3 + 25*l**2/2 + 4372*l. Determine i(10).
5
Let x = 2727 + -2735. Let o(n) be the first derivative of -n**2/2 - 11*n + 14. What is o(x)?
-3
Let r(t) be the first derivative of t**7/840 - t**6/45 - t**5/60 + 11*t**4/24 - 13*t**3 - t**2 - 78. Let y(i) be the third derivative of r(i). What is y(8)?
-5
Let y(v) = -v**3 + v**2 - v - 2. Suppose -3*o - 3*o = o. Suppose -7*d + 5*d - c + 5 = o, -4*d + 13 = 5*c. What is y(d)?
-8
Let a(d) = 787*d + 2 - 9 - 1606*d + 828*d + d**2. Give a(-13).
45
Let a(g) = 4*g + 6*g**2 + 6 - 2*g - 4*g**2 - g. Let c(u) = -3*u**2 + u - 6. Let o(w) = -4*a(w) - 3*c(w). Determine o(8).
2
Let l(o) = -o**2 + 5*o + 16. Let k(f) = f**3 + 59*f**2 - 109*f + 804. Let c be k(-61). What is l(c)?
-50
Let i(q) be the second derivative of q**4/12 - 7*q**3/6 - 6*q**2 - 303*q - 2. Determine i(7).
-12
Let r(w) be the second derivative of 13*w**4/12 + 5*w**3/2 + 3*w**2/2 + 696*w + 1. Give r(-1).
1
Let k(n) = 6*n**2 + 17 + n**2 + 15*n - 4*n - 8*n**2. Let b(t) = 5*t**2 + 8*t + 8. Let y be b(-2). Give k(y).
5
Let c(l) = -l**2 + l**3 - l**2 - 5*l - 3 + 7*l**2. Let q = -1 - -4. Let h be q/2 + (2 - 19/2). Give c(h).
-9
Let b = -131 - -109. Let u be (-2)/b + (-270)/66. Let a(s) = -s. Calculate a(u).
4
Let d(r) = r + 1. Let i(u) = -u**3 - 7*u**2 - 9*u + 8. Let h be i(-8). Let l = h + -145. Calculate d(l).
0
Let b(u) be the first derivative of u**4/4 + 8*u**3/3 - 7*u**2/2 - 9*u - 4491. Calculate b(-4).
83
Let w(t) be the third derivative of -t**7/840 + t**6/360 + t**5/30 + t**4/8 - 17*t**3/2 - 18*t**2. Let q(b) be the first derivative of w(b). Calculate q(-2).
7
Let p(a) = -5*a + 190. Let o(i) = i - 33. Let h(x) = -3*o(x) - p(x). Give h(29).
-33
Let o(y) = 12*y + 760. Let v(m) = -25*m - 1. Let s(w) = o(w) + 3*v(w). What is s(12)?
1
Let z(h) = -4*h**3 + 3*h**2 + h - 7. Let g = 15228 - 15225. Calculate z(g).
-85
Let o be (-24 + (-216)/(-16))*8/3. Let n(q) = -q**3 - 28*q**2 - q - 10. Calculate n(o).
18
Let w(p) = -p**2 - 9*p - 1. Let c(u) = 16*u - 4. Let q be c(5). Let m(t) = q + 2*t**2 - 110 - 15*t + 51. Let n be m(5). What is w(n)?
7
Let v(s) = -s**3 + 7*s**2 + 20*s - 8. Let d be -3 + 7 - (-9 + -3 + -1 + 8). Determine v(d).
10
Let j(a) be the third derivative of -a**5/60 + a**4/4 - a**3/2 - a**2. Suppose -4*q = 11*q - 4*q. Suppose q = 2*h - 17 + 5. Determine j(h).
-3
Let g(u) = 18*u**3 - u**2. Let v = -532 + 534. Suppose 22*q = -v*q + 24. Give g(q).
17
Let x(w) = -2*w - 9. Let i be x(-4). Let l(h) be the first derivative of -7*h**3/3 + h**2/2 + 4511. What is l(i)?
-8
Let b(z) = 3*z - 5. Let c(j) = -2*j + 3. Let d(a) = -2*b(a) - 5*c(a). Suppose -u + 3*x = 33, 3*u = x - 59 - 80. Let g = u - -54. Give d(g).
19
Let z be 5/(2 + 429/(-182)). Let l(m) = 12*m + 165. What is l(z)?
-3
Let q(x) = -x**2 - 7*x + 2. Let k be q(-8). Let w(y) be the third derivative of -y**6/120 - y**5/10 + y**4/8 + 7*y**3/6 - 30*y**2. Give w(k).
-11
Let r(h) = 124*h**3 - 104*h**2 - 7*h + 23. Let i(k) = -41*k**3 + 32*k**2 + 2*k - 7. Let w(p) = -13*i(p) - 4*r(p). Determine w(1).
38
Let w(r) = -r**2 + 6*r - 4. Let m be 3/(-4) + 184/32 + -3. Suppose 0 = -2*b + 2*a + 3*a + 34, 3*a + 26 = m*b. Give w(b).
-11
Let b = -2058 + 2074. Let u(r) = 22 + 7*r + 4*r + r - 13*r. Determine u(b).
6
Let p(l) = l**2 - 7*l + 2. Let v = 10 - -11. Let m(j) = -11*j - 11*j**2 - 9*j + j**3 + 8*j - 8 + v*j**2. Let t be m(-11). Calculate p(t).
-10
Let r(b) be the second derivative of -b**4/3 - 11*b**3/3 - 20*b**2 + 956*b - 1. Determine r(-3).
-10
Suppose 52*p - 11*p = -p - 14*p. Let f(d) = -d**2 + 12. What is f(p)?
12
Let d(f) = 6 - 10*f + 4*f - 7 + f**2 - 5. Suppose 29*l + 72 = 37*l. Give d(l).
21
Suppose -6*z - 437 = -101. Let n = -52 - z. Let u(c) = -5*c + 0 + 1 + n*c + 2. Calculate u(4).
-1
Let l = -186 + 194. Let w(g) = 3*g + l + 10 + 4 - 16. Calculate w(6).
24
Let i(f) = 103*f**3 + f**2 + 5*f - 6. Let q(v) = 59*v**3 + v**2 + 3*v - 3. Let c(d) = 4*i(d) - 7*q(d). Let n be 78/(-30) - (-2)/(-5). Give c(n).
0
Let s(n) be the first derivative of -n**4/4 + 8*n**3/3 - n**2 - 29*n - 3980. Calculate s(7).
6
Let w = 0 - -2. Suppose -3*i = w*i - 30. Let n(o) = 4*o. Let f(s) = s**3 - 7*s**2 + 85*s - 4. Let g(j) = f(j) - 20*n(j). What is g(i)?
-10
Let x(i) = -i**3 + 6*i**2 + 7*i + 68. Let q be 1/2*((-64)/(-12))/((-11)/(-33)). What is x(q)?
-4
Let f(z) = z**3 - 10*z**2 + 7*z + 10. Let c = 522 - 298. Suppose -10*q + c = -2*q. Suppose -5*k - 12 = -2, 4*k - q = -4*m. Determine f(m).
-8
Let h be 108/(-16) - (-1)/(-4). Let l(d) = -d + 2. Let p(o) = -2*o + 10. Let t(f) = 6*l(f) - 2*p(f). Give t(h).
6
Let u(v) = -15*v - 28. Let t be u(-2). Suppose 6*l + 53 = -5*f + t*l, f = -2*l - 13. Let o(q) = 2*q. Give o(f).
-18
Suppose 12*o - 11*o - 3 = 0. Let c(x) = 6*x - 7. Let z(h) = 11*h - 13. Let k = -23 + 20. Let d(y) = k*z(y) + 5*c(y). What is d(o)?
-5
Let a(x) = -22*x**2 - 4*x - 1. Let c(p) = 8*p**2 + 9*p - 5. Let y(j) = -5*j**2 - 5*j + 3. Let n(h) = -3*c(h) - 5*y(h). Let f(q) = a(q) - 3*n(q). What is f(1)?
-24
Let p(z) = -z**2 - 17*z + 70. Let v(c) = -c**3 + 54*c**2 + 234*c - 113. Let t be v(58). Determine p(t).
10
Let z(o) = 2*o - 1. Suppose 38 = 18*g - 16. Let a(p) = -10*p + 6. Let y(v) = g*a(v) + 16*z(v). Determine y(-2).
-2
L